{"id":30359,"date":"2025-11-17T14:52:06","date_gmt":"2025-11-17T14:52:06","guid":{"rendered":"https:\/\/webtube.fr\/?page_id=30359"},"modified":"2026-04-03T03:29:25","modified_gmt":"2026-04-03T03:29:25","slug":"vigilance-meteo","status":"publish","type":"page","link":"https:\/\/webtube.fr\/index.php\/vigilance-meteo\/","title":{"rendered":"VIGILANCE METEO"},"content":{"rendered":"\n<p><br>Articles : <a href=\"https:\/\/webtube.fr\/index.php\/2026\/04\/\" target=\"_blank\" rel=\"noreferrer noopener\">Avril 2026<\/a> &#8211; <a href=\"https:\/\/webtube.fr\/index.php\/2026\/03\/\" target=\"_blank\" rel=\"noreferrer noopener\">Mar. 2026<\/a> &#8211; <a href=\"https:\/\/webtube.fr\/index.php\/2026\/02\/\" target=\"_blank\" rel=\"noreferrer noopener\">Fev 2026<\/a> &#8211; <a href=\"https:\/\/webtube.fr\/index.php\/2026\/01\/\" target=\"_blank\" rel=\"noreferrer noopener\">Jan 2026<\/a> &#8211;<br>Facebook\u00a0:\u00a0<a href=\"https:\/\/www.facebook.com\/profile.php?id=100069673161887\">https:\/\/www.facebook.com\/profile.php?id=100069673161887<\/a> Twitter : <a href=\"https:\/\/twitter.com\/OrtfNews\" target=\"_blank\" rel=\"noreferrer noopener\">https:\/\/twitter.com\/OrtfNews<\/a> Music 24\/24 : <a href=\"http:\/\/DJMUSIC.fr\/\" target=\"_blank\" rel=\"noreferrer noopener\">http:\/\/DJMUSIC.fr<\/a><\/p>\n\n\n\n<figure class=\"wp-block-image size-large\"><a href=\"https:\/\/lvm.lucty.fr\/\" target=\"_blank\" rel=\" noreferrer noopener\"><img loading=\"lazy\" decoding=\"async\" width=\"1024\" height=\"538\" src=\"https:\/\/webtube.fr\/wp-content\/uploads\/2025\/11\/illustration-vigilance-meteo-1024x538.jpg\" alt=\"\" class=\"wp-image-30360\" srcset=\"https:\/\/webtube.fr\/wp-content\/uploads\/2025\/11\/illustration-vigilance-meteo-1024x538.jpg 1024w, https:\/\/webtube.fr\/wp-content\/uploads\/2025\/11\/illustration-vigilance-meteo-300x158.jpg 300w, https:\/\/webtube.fr\/wp-content\/uploads\/2025\/11\/illustration-vigilance-meteo-768x403.jpg 768w, https:\/\/webtube.fr\/wp-content\/uploads\/2025\/11\/illustration-vigilance-meteo.jpg 1200w\" sizes=\"auto, (max-width: 709px) 85vw, (max-width: 909px) 67vw, (max-width: 1362px) 62vw, 840px\" \/><\/a><\/figure>\n\n\n\n<p><strong>#webtube<\/strong> : <em>La vigilance m\u00e9t\u00e9orologique (souvent appel\u00e9e simplement \u00ab vigilance M\u00e9t\u00e9o \u00bb) est un syst\u00e8me d\u2019alerte mis en place  pour informer la population et les autorit\u00e9s des ph\u00e9nom\u00e8nes m\u00e9t\u00e9orologiques dangereux susceptibles d\u2019impacter le territoire. La carte de vigilance est divis\u00e9e par d\u00e9partements (96 en m\u00e9tropole ) en ce qui conerne cette carte. Quand un d\u00e9partement est plac\u00e9 en orange ou rouge, des conseils de comportement adapt\u00e9s sont diffus\u00e9s (ex : \u00e9viter les d\u00e9placements, se mettre \u00e0 l\u2019abri, etc.).<\/em><\/p>\n\n\n\n<p>Source : <em>La vie M\u00e9t\u00e9o &#8211; Lucty<\/em><\/p>\n","protected":false},"excerpt":{"rendered":"<p>Articles : Avril 2026 &#8211; Mar. 2026 &#8211; Fev 2026 &#8211; Jan 2026 &#8211;Facebook\u00a0:\u00a0https:\/\/www.facebook.com\/profile.php?id=100069673161887 Twitter : https:\/\/twitter.com\/OrtfNews Music 24\/24 : http:\/\/DJMUSIC.fr #webtube : La vigilance m\u00e9t\u00e9orologique (souvent appel\u00e9e simplement \u00ab vigilance M\u00e9t\u00e9o \u00bb) est un syst\u00e8me d\u2019alerte mis en place pour informer la population et les autorit\u00e9s des ph\u00e9nom\u00e8nes m\u00e9t\u00e9orologiques dangereux susceptibles d\u2019impacter le territoire. &hellip; <a href=\"https:\/\/webtube.fr\/index.php\/vigilance-meteo\/\" class=\"more-link\">Continuer la lecture<span class=\"screen-reader-text\"> de &laquo;&nbsp;VIGILANCE METEO&nbsp;&raquo;<\/span><\/a><\/p>\n","protected":false},"author":1,"featured_media":0,"parent":0,"menu_order":0,"comment_status":"closed","ping_status":"closed","template":"","meta":{"footnotes":""},"class_list":["post-30359","page","type-page","status-publish","hentry"],"yoast_head":"<!-- This site is optimized with the Yoast SEO plugin v27.2 - https:\/\/yoast.com\/product\/yoast-seo-wordpress\/ -->\n<title>VIGILANCE METEO - # WEBTUBE.fr<\/title>\n<meta name=\"robots\" content=\"index, follow, max-snippet:-1, max-image-preview:large, max-video-preview:-1\" \/>\n<link rel=\"canonical\" href=\"https:\/\/webtube.fr\/index.php\/vigilance-meteo\/\" \/>\n<meta property=\"og:locale\" content=\"fr_FR\" \/>\n<meta property=\"og:type\" content=\"article\" \/>\n<meta property=\"og:title\" content=\"VIGILANCE METEO - # WEBTUBE.fr\" \/>\n<meta property=\"og:description\" content=\"Articles : Avril 2026 &#8211; Mar. 2026 &#8211; Fev 2026 &#8211; Jan 2026 &#8211;Facebook\u00a0:\u00a0https:\/\/www.facebook.com\/profile.php?id=100069673161887 Twitter : https:\/\/twitter.com\/OrtfNews Music 24\/24 : http:\/\/DJMUSIC.fr #webtube : La vigilance m\u00e9t\u00e9orologique (souvent appel\u00e9e simplement \u00ab vigilance M\u00e9t\u00e9o \u00bb) est un syst\u00e8me d\u2019alerte mis en place pour informer la population et les autorit\u00e9s des ph\u00e9nom\u00e8nes m\u00e9t\u00e9orologiques dangereux susceptibles d\u2019impacter le territoire. &hellip; Continuer la lecture de &laquo;&nbsp;VIGILANCE METEO&nbsp;&raquo;\" \/>\n<meta property=\"og:url\" content=\"https:\/\/webtube.fr\/index.php\/vigilance-meteo\/\" \/>\n<meta property=\"og:site_name\" content=\"# WEBTUBE.fr\" \/>\n<meta property=\"article:publisher\" content=\"https:\/\/www.facebook.com\/profile.php?id=100069673161887\" \/>\n<meta property=\"article:modified_time\" content=\"2026-04-03T03:29:25+00:00\" \/>\n<meta property=\"og:image\" content=\"https:\/\/webtube.fr\/wp-content\/uploads\/2025\/11\/illustration-vigilance-meteo.jpg\" \/>\n\t<meta property=\"og:image:width\" content=\"1200\" \/>\n\t<meta property=\"og:image:height\" content=\"630\" \/>\n\t<meta property=\"og:image:type\" content=\"image\/jpeg\" \/>\n<meta name=\"twitter:card\" content=\"summary_large_image\" \/>\n<meta name=\"twitter:site\" content=\"@OrtfNews\" \/>\n<meta name=\"twitter:label1\" content=\"Dur\u00e9e de lecture estim\u00e9e\" \/>\n\t<meta name=\"twitter:data1\" content=\"1 minute\" \/>\n<script type=\"application\/ld+json\" class=\"yoast-schema-graph\">{\"@context\":\"https:\/\/schema.org\",\"@graph\":[{\"@type\":\"WebPage\",\"@id\":\"https:\/\/webtube.fr\/index.php\/vigilance-meteo\/\",\"url\":\"https:\/\/webtube.fr\/index.php\/vigilance-meteo\/\",\"name\":\"VIGILANCE METEO - # WEBTUBE.fr\",\"isPartOf\":{\"@id\":\"https:\/\/webtube.fr\/#website\"},\"primaryImageOfPage\":{\"@id\":\"https:\/\/webtube.fr\/index.php\/vigilance-meteo\/#primaryimage\"},\"image\":{\"@id\":\"https:\/\/webtube.fr\/index.php\/vigilance-meteo\/#primaryimage\"},\"thumbnailUrl\":\"https:\/\/webtube.fr\/wp-content\/uploads\/2025\/11\/illustration-vigilance-meteo-1024x538.jpg\",\"datePublished\":\"2025-11-17T14:52:06+00:00\",\"dateModified\":\"2026-04-03T03:29:25+00:00\",\"breadcrumb\":{\"@id\":\"https:\/\/webtube.fr\/index.php\/vigilance-meteo\/#breadcrumb\"},\"inLanguage\":\"fr-FR\",\"potentialAction\":[{\"@type\":\"ReadAction\",\"target\":[\"https:\/\/webtube.fr\/index.php\/vigilance-meteo\/\"]}]},{\"@type\":\"ImageObject\",\"inLanguage\":\"fr-FR\",\"@id\":\"https:\/\/webtube.fr\/index.php\/vigilance-meteo\/#primaryimage\",\"url\":\"https:\/\/webtube.fr\/wp-content\/uploads\/2025\/11\/illustration-vigilance-meteo.jpg\",\"contentUrl\":\"https:\/\/webtube.fr\/wp-content\/uploads\/2025\/11\/illustration-vigilance-meteo.jpg\",\"width\":1200,\"height\":630},{\"@type\":\"BreadcrumbList\",\"@id\":\"https:\/\/webtube.fr\/index.php\/vigilance-meteo\/#breadcrumb\",\"itemListElement\":[{\"@type\":\"ListItem\",\"position\":1,\"name\":\"Accueil\",\"item\":\"https:\/\/webtube.fr\/\"},{\"@type\":\"ListItem\",\"position\":2,\"name\":\"VIGILANCE METEO\"}]},{\"@type\":\"WebSite\",\"@id\":\"https:\/\/webtube.fr\/#website\",\"url\":\"https:\/\/webtube.fr\/\",\"name\":\"WEBTUBE\",\"description\":\"WEBTUBE.fr  Streaming Vid\u00e9o and News , toutes les infos sans filtres !\",\"publisher\":{\"@id\":\"https:\/\/webtube.fr\/#organization\"},\"alternateName\":\"Rutube\",\"potentialAction\":[{\"@type\":\"SearchAction\",\"target\":{\"@type\":\"EntryPoint\",\"urlTemplate\":\"https:\/\/webtube.fr\/?s={search_term_string}\"},\"query-input\":{\"@type\":\"PropertyValueSpecification\",\"valueRequired\":true,\"valueName\":\"search_term_string\"}}],\"inLanguage\":\"fr-FR\"},{\"@type\":\"Organization\",\"@id\":\"https:\/\/webtube.fr\/#organization\",\"name\":\"# WEBTUBE.fr\",\"url\":\"https:\/\/webtube.fr\/\",\"logo\":{\"@type\":\"ImageObject\",\"inLanguage\":\"fr-FR\",\"@id\":\"https:\/\/webtube.fr\/#\/schema\/logo\/image\/\",\"url\":\"https:\/\/webtube.fr\/wp-content\/uploads\/2025\/09\/cropped-Logo_webtubeIA-1.jpg\",\"contentUrl\":\"https:\/\/webtube.fr\/wp-content\/uploads\/2025\/09\/cropped-Logo_webtubeIA-1.jpg\",\"width\":240,\"height\":240,\"caption\":\"# WEBTUBE.fr\"},\"image\":{\"@id\":\"https:\/\/webtube.fr\/#\/schema\/logo\/image\/\"},\"sameAs\":[\"https:\/\/www.facebook.com\/profile.php?id=100069673161887\",\"https:\/\/x.com\/OrtfNews\",\"https:\/\/www.facebook.com\/profile.php?id=100013751440523\"]}]}<\/script>\n<!-- \/ Yoast SEO plugin. -->","yoast_head_json":{"title":"VIGILANCE METEO - # WEBTUBE.fr","robots":{"index":"index","follow":"follow","max-snippet":"max-snippet:-1","max-image-preview":"max-image-preview:large","max-video-preview":"max-video-preview:-1"},"canonical":"https:\/\/webtube.fr\/index.php\/vigilance-meteo\/","og_locale":"fr_FR","og_type":"article","og_title":"VIGILANCE METEO - # WEBTUBE.fr","og_description":"Articles : Avril 2026 &#8211; Mar. 2026 &#8211; Fev 2026 &#8211; Jan 2026 &#8211;Facebook\u00a0:\u00a0https:\/\/www.facebook.com\/profile.php?id=100069673161887 Twitter : https:\/\/twitter.com\/OrtfNews Music 24\/24 : http:\/\/DJMUSIC.fr #webtube : La vigilance m\u00e9t\u00e9orologique (souvent appel\u00e9e simplement \u00ab vigilance M\u00e9t\u00e9o \u00bb) est un syst\u00e8me d\u2019alerte mis en place pour informer la population et les autorit\u00e9s des ph\u00e9nom\u00e8nes m\u00e9t\u00e9orologiques dangereux susceptibles d\u2019impacter le territoire. &hellip; Continuer la lecture de &laquo;&nbsp;VIGILANCE METEO&nbsp;&raquo;","og_url":"https:\/\/webtube.fr\/index.php\/vigilance-meteo\/","og_site_name":"# WEBTUBE.fr","article_publisher":"https:\/\/www.facebook.com\/profile.php?id=100069673161887","article_modified_time":"2026-04-03T03:29:25+00:00","og_image":[{"width":1200,"height":630,"url":"https:\/\/webtube.fr\/wp-content\/uploads\/2025\/11\/illustration-vigilance-meteo.jpg","type":"image\/jpeg"}],"twitter_card":"summary_large_image","twitter_site":"@OrtfNews","twitter_misc":{"Dur\u00e9e de lecture estim\u00e9e":"1 minute"},"schema":{"@context":"https:\/\/schema.org","@graph":[{"@type":"WebPage","@id":"https:\/\/webtube.fr\/index.php\/vigilance-meteo\/","url":"https:\/\/webtube.fr\/index.php\/vigilance-meteo\/","name":"VIGILANCE METEO - # WEBTUBE.fr","isPartOf":{"@id":"https:\/\/webtube.fr\/#website"},"primaryImageOfPage":{"@id":"https:\/\/webtube.fr\/index.php\/vigilance-meteo\/#primaryimage"},"image":{"@id":"https:\/\/webtube.fr\/index.php\/vigilance-meteo\/#primaryimage"},"thumbnailUrl":"https:\/\/webtube.fr\/wp-content\/uploads\/2025\/11\/illustration-vigilance-meteo-1024x538.jpg","datePublished":"2025-11-17T14:52:06+00:00","dateModified":"2026-04-03T03:29:25+00:00","breadcrumb":{"@id":"https:\/\/webtube.fr\/index.php\/vigilance-meteo\/#breadcrumb"},"inLanguage":"fr-FR","potentialAction":[{"@type":"ReadAction","target":["https:\/\/webtube.fr\/index.php\/vigilance-meteo\/"]}]},{"@type":"ImageObject","inLanguage":"fr-FR","@id":"https:\/\/webtube.fr\/index.php\/vigilance-meteo\/#primaryimage","url":"https:\/\/webtube.fr\/wp-content\/uploads\/2025\/11\/illustration-vigilance-meteo.jpg","contentUrl":"https:\/\/webtube.fr\/wp-content\/uploads\/2025\/11\/illustration-vigilance-meteo.jpg","width":1200,"height":630},{"@type":"BreadcrumbList","@id":"https:\/\/webtube.fr\/index.php\/vigilance-meteo\/#breadcrumb","itemListElement":[{"@type":"ListItem","position":1,"name":"Accueil","item":"https:\/\/webtube.fr\/"},{"@type":"ListItem","position":2,"name":"VIGILANCE METEO"}]},{"@type":"WebSite","@id":"https:\/\/webtube.fr\/#website","url":"https:\/\/webtube.fr\/","name":"WEBTUBE","description":"WEBTUBE.fr  Streaming Vid\u00e9o and News , toutes les infos sans filtres !","publisher":{"@id":"https:\/\/webtube.fr\/#organization"},"alternateName":"Rutube","potentialAction":[{"@type":"SearchAction","target":{"@type":"EntryPoint","urlTemplate":"https:\/\/webtube.fr\/?s={search_term_string}"},"query-input":{"@type":"PropertyValueSpecification","valueRequired":true,"valueName":"search_term_string"}}],"inLanguage":"fr-FR"},{"@type":"Organization","@id":"https:\/\/webtube.fr\/#organization","name":"# WEBTUBE.fr","url":"https:\/\/webtube.fr\/","logo":{"@type":"ImageObject","inLanguage":"fr-FR","@id":"https:\/\/webtube.fr\/#\/schema\/logo\/image\/","url":"https:\/\/webtube.fr\/wp-content\/uploads\/2025\/09\/cropped-Logo_webtubeIA-1.jpg","contentUrl":"https:\/\/webtube.fr\/wp-content\/uploads\/2025\/09\/cropped-Logo_webtubeIA-1.jpg","width":240,"height":240,"caption":"# WEBTUBE.fr"},"image":{"@id":"https:\/\/webtube.fr\/#\/schema\/logo\/image\/"},"sameAs":["https:\/\/www.facebook.com\/profile.php?id=100069673161887","https:\/\/x.com\/OrtfNews","https:\/\/www.facebook.com\/profile.php?id=100013751440523"]}]}},"jetpack_sharing_enabled":true,"_links":{"self":[{"href":"https:\/\/webtube.fr\/index.php\/wp-json\/wp\/v2\/pages\/30359","targetHints":{"allow":["GET"]}}],"collection":[{"href":"https:\/\/webtube.fr\/index.php\/wp-json\/wp\/v2\/pages"}],"about":[{"href":"https:\/\/webtube.fr\/index.php\/wp-json\/wp\/v2\/types\/page"}],"author":[{"embeddable":true,"href":"https:\/\/webtube.fr\/index.php\/wp-json\/wp\/v2\/users\/1"}],"replies":[{"embeddable":true,"href":"https:\/\/webtube.fr\/index.php\/wp-json\/wp\/v2\/comments?post=30359"}],"version-history":[{"count":8,"href":"https:\/\/webtube.fr\/index.php\/wp-json\/wp\/v2\/pages\/30359\/revisions"}],"predecessor-version":[{"id":35229,"href":"https:\/\/webtube.fr\/index.php\/wp-json\/wp\/v2\/pages\/30359\/revisions\/35229"}],"wp:attachment":[{"href":"https:\/\/webtube.fr\/index.php\/wp-json\/wp\/v2\/media?parent=30359"}],"curies":[{"name":"wp","href":"https:\/\/api.w.org\/{rel}","templated":true}]}}