{"version":"1.0","provider_name":"# WEBTUBE.fr","provider_url":"https:\/\/webtube.fr","author_name":"admin5851","author_url":"https:\/\/webtube.fr\/index.php\/author\/admin5851\/","title":"Macron et le probl\u00e8me des urgences\u00a0: mission impossible\u00a0! - # WEBTUBE.fr","type":"rich","width":600,"height":338,"html":"<blockquote class=\"wp-embedded-content\" data-secret=\"GUkXehlklO\"><a href=\"https:\/\/webtube.fr\/index.php\/2023\/04\/23\/macron-et-le-probleme-des-urgences-mission-impossible\/\">Macron et le probl\u00e8me des urgences\u00a0: mission impossible\u00a0!<\/a><\/blockquote><iframe sandbox=\"allow-scripts\" security=\"restricted\" src=\"https:\/\/webtube.fr\/index.php\/2023\/04\/23\/macron-et-le-probleme-des-urgences-mission-impossible\/embed\/#?secret=GUkXehlklO\" width=\"600\" height=\"338\" title=\"\u00ab\u00a0Macron et le probl\u00e8me des urgences\u00a0: mission impossible\u00a0!\u00a0\u00bb &#8212; # WEBTUBE.fr\" data-secret=\"GUkXehlklO\" frameborder=\"0\" marginwidth=\"0\" marginheight=\"0\" scrolling=\"no\" class=\"wp-embedded-content\"><\/iframe><script>\n\/*! This file is auto-generated *\/\n!function(d,l){\"use strict\";l.querySelector&&d.addEventListener&&\"undefined\"!=typeof URL&&(d.wp=d.wp||{},d.wp.receiveEmbedMessage||(d.wp.receiveEmbedMessage=function(e){var t=e.data;if((t||t.secret||t.message||t.value)&&!\/[^a-zA-Z0-9]\/.test(t.secret)){for(var s,r,n,a=l.querySelectorAll('iframe[data-secret=\"'+t.secret+'\"]'),o=l.querySelectorAll('blockquote[data-secret=\"'+t.secret+'\"]'),c=new RegExp(\"^https?:$\",\"i\"),i=0;i<o.length;i++)o[i].style.display=\"none\";for(i=0;i<a.length;i++)s=a[i],e.source===s.contentWindow&&(s.removeAttribute(\"style\"),\"height\"===t.message?(1e3<(r=parseInt(t.value,10))?r=1e3:~~r<200&&(r=200),s.height=r):\"link\"===t.message&&(r=new URL(s.getAttribute(\"src\")),n=new URL(t.value),c.test(n.protocol))&&n.host===r.host&&l.activeElement===s&&(d.top.location.href=t.value))}},d.addEventListener(\"message\",d.wp.receiveEmbedMessage,!1),l.addEventListener(\"DOMContentLoaded\",function(){for(var e,t,s=l.querySelectorAll(\"iframe.wp-embedded-content\"),r=0;r<s.length;r++)(t=(e=s[r]).getAttribute(\"data-secret\"))||(t=Math.random().toString(36).substring(2,12),e.src+=\"#?secret=\"+t,e.setAttribute(\"data-secret\",t)),e.contentWindow.postMessage({message:\"ready\",secret:t},\"*\")},!1)))}(window,document);\n\/\/# sourceURL=https:\/\/webtube.fr\/wp-includes\/js\/wp-embed.min.js\n<\/script>\n","description":"Articles &nbsp;: Avr. 2023&nbsp; &#8211; &nbsp;Mar. 2023 &#8211; Fev. 2023 &#8211; Jan. 2023 &#8211; Facebook&nbsp;:&nbsp;https:\/\/www.facebook.com\/profile.php?id=100069673161887 Twitter : https:\/\/twitter.com\/OrtfNews Le Pr\u00e9sident a annonc\u00e9&nbsp;se donner 100 jours&nbsp;pour changer beaucoup de choses, entre autres le surencombrement des urgences hospitali\u00e8res. Projet tr\u00e8s ambitieux s&rsquo;il en est et, \u00e0 moins de fermer ces services, ce qui r\u00e9glerait le probl\u00e8me, il &hellip; Continuer la lecture de &laquo;&nbsp;&nbsp;&raquo;","thumbnail_url":"https:\/\/www.bvoltaire.fr\/media\/2019\/06\/6912621471_439cbf8d3e_b-845x475.jpg"}

Macron et le problème des urgences : mission impossible ! - # WEBTUBE.fr

<blockquote class="wp-embedded-content" data-secret="GUkXehlklO"><a href="https://webtube.fr/index.php/2023/04/23/macron-et-le-probleme-des-urgences-mission-impossible/">Macron et le problème des urgences : mission impossible !</a></blockquote><iframe sandbox="allow-scripts" security="restricted" src="https://webtube.fr/index.php/2023/04/23/macron-et-le-probleme-des-urgences-mission-impossible/embed/#?secret=GUkXehlklO" width="600" height="338" title="« Macron et le problème des urgences : mission impossible ! » &#8212; # WEBTUBE.fr" data-secret="GUkXehlklO" frameborder="0" marginwidth="0" marginheight="0" scrolling="no" class="wp-embedded-content"></iframe><script>
/*! This file is auto-generated */
!function(d,l){"use strict";l.querySelector&&d.addEventListener&&"undefined"!=typeof URL&&(d.wp=d.wp||{},d.wp.receiveEmbedMessage||(d.wp.receiveEmbedMessage=function(e){var t=e.data;if((t||t.secret||t.message||t.value)&&!/[^a-zA-Z0-9]/.test(t.secret)){for(var s,r,n,a=l.querySelectorAll('iframe[data-secret="'+t.secret+'"]'),o=l.querySelectorAll('blockquote[data-secret="'+t.secret+'"]'),c=new RegExp("^https?:$","i"),i=0;i<o.length;i++)o[i].style.display="none";for(i=0;i<a.length;i++)s=a[i],e.source===s.contentWindow&&(s.removeAttribute("style"),"height"===t.message?(1e3<(r=parseInt(t.value,10))?r=1e3:~~r<200&&(r=200),s.height=r):"link"===t.message&&(r=new URL(s.getAttribute("src")),n=new URL(t.value),c.test(n.protocol))&&n.host===r.host&&l.activeElement===s&&(d.top.location.href=t.value))}},d.addEventListener("message",d.wp.receiveEmbedMessage,!1),l.addEventListener("DOMContentLoaded",function(){for(var e,t,s=l.querySelectorAll("iframe.wp-embedded-content"),r=0;r<s.length;r++)(t=(e=s[r]).getAttribute("data-secret"))||(t=Math.random().toString(36).substring(2,12),e.src+="#?secret="+t,e.setAttribute("data-secret",t)),e.contentWindow.postMessage({message:"ready",secret:t},"*")},!1)))}(window,document);
//# sourceURL=https://webtube.fr/wp-includes/js/wp-embed.min.js
</script>

Articles &nbsp;: Avr. 2023&nbsp; &#8211; &nbsp;Mar. 2023 &#8211; Fev. 2023 &#8211; Jan. 2023 &#8211; Facebook&nbsp;:&nbsp;https://www.facebook.com/profile.php?id=100069673161887 Twitter : https://twitter.com/OrtfNews Le Président a annoncé&nbsp;se donner 100 jours&nbsp;pour changer beaucoup de choses, entre autres le surencombrement des urgences hospitalières. Projet très ambitieux s&rsquo;il en est et, à moins de fermer ces services, ce qui réglerait le problème, il &hellip; Continuer la lecture de &laquo;&nbsp;&nbsp;&raquo;
